e the highest common divisor of 1075 and 3925.
25
What is the greatest common factor of 559 and 10881?
13
Calculate the highest common divisor of 68 and 26231.
17
What is the greatest common divisor of 213 and 1188114?
213
Calculate the greatest common factor of 176 and 133024.
16
What is the greatest common factor of 1624 and 700?
28
What is the greatest common factor of 38244 and 348?
12
What is the greatest common factor of 1523775 and 5775?
825
Calculate the highest common divisor of 332493 and 22365.
1491
Calculate the greatest common factor of 1668 and 2007021.
417
Calculate the highest common factor of 24 and 126184.
8
Calculate the greatest common factor of 117 and 15291.
9
Calculate the greatest common factor of 19251 and 5319.
27
What is the highest common factor of 270780 and 720?
60
What is the highest common divisor of 34440 and 264?
24
Calculate the highest common factor of 2584 and 419577.
323
What is the greatest common divisor of 80337 and 25986?
183
Calculate the greatest common factor of 17545 and 6235.
145
What is the greatest common factor of 120 and 59280?
120
Calculate the greatest common factor of 42 and 5286.
6
What is the greatest common factor of 183937 and 624?
13
Calculate the greatest common factor of 148995 and 45795.
645
What is the greatest common divisor of 123 and 4633?
41
Calculate the highest common divisor of 722 and 6.
2
Calculate the highest common divisor of 12 and 13302.
6
What is the greatest common factor of 1887 and 363562?
629
Calculate the highest common divisor of 40 and 2440.
40
Calculate the greatest common factor of 7238679 and 5229.
1743
Calculate the highest common divisor of 106575 and 75.
75
Calculate the highest common divisor of 288021 and 6.
3
Calculate the greatest common divisor of 13137 and 783.
87
What is the greatest common factor of 17302 and 2110?
422
Calculate the highest common divisor of 249395 and 155.
155
What is the greatest common divisor of 197183 and 595?
119
Calculate the greatest common factor of 372160 and 720.
80
What is the highest common factor of 41850 and 27?
27
Calculate the highest common divisor of 170 and 985.
5
What is the highest common divisor of 18648 and 4?
4
What is the highest common factor of 837 and 49941?
279
Calculate the highest common divisor of 704 and 219230.
22
Calculate the greatest common factor of 888 and 120.
24
What is the greatest common divisor of 2198 and 6751?
157
Calculate the greatest common divisor of 37228 and 1148.
164
Calculate the greatest common divisor of 364 and 11206.
26
What is the greatest common factor of 571703 and 11?
11
Calculate the highest common factor of 1177236 and 106.
106
What is the greatest common divisor of 672060 and 2760?
1380
Calculate the highest common divisor of 37909 and 57448.
167
What is the highest common factor of 20 and 24552?
4
What is the greatest common factor of 1720 and 4386?
86
Calculate the greatest common divisor of 214819 and 6289.
331
Calculate the highest common divisor of 126 and 502614.
126
Calculate the greatest common factor of 18426 and 60258.
498
What is the greatest common divisor of 8201 and 1357?
59
Calculate the greatest common factor of 7957136 and 3190.
638
Calculate the greatest common factor of 726 and 9636.
66
Calculate the highest common factor of 4192 and 576.
32
Calculate the highest common factor of 1716 and 929500.
572
Calculate the greatest common factor of 3637655 and 3710.
1855
What is the greatest common divisor of 2138570 and 20?
10
What is the highest common divisor of 12490 and 10?
10
Calculate the highest common factor of 9416 and 25038.
214
Calculate the highest common factor of 1927 and 41.
41
What is the greatest common divisor of 400 and 147550?
50
Calculate the highest common divisor of 226 and 82.
2
Calculate the highest common factor of 420 and 194748.
12
Calculate the highest common factor of 514143 and 243.
9
What is the highest common divisor of 89708 and 328?
164
Calculate the highest common divisor of 5947 and 304.
19
Calculate the highest common divisor of 62 and 8928031.
31
Calculate the highest common factor of 6758 and 4142.
218
What is the highest common divisor of 74 and 5702?
2
Calculate the highest common divisor of 37505 and 1105.
65
Calculate the greatest common divisor of 30625 and 18725.
175
Calculate the greatest common divisor of 1957 and 53447.
19
Calculate the highest common factor of 13 and 9257651.
13
Calculate the greatest common divisor of 70616 and 112.
56
What is the highest common divisor of 1836688 and 217?
217
What is the highest common factor of 83 and 2?
1
What is the highest common divisor of 189875 and 89621?
1519
What is the highest common divisor of 55309 and 211793?
1349
What is the greatest common divisor of 130 and 14630?
10
What is the greatest common divisor of 435 and 62520?
15
What is the highest common divisor of 301 and 688?
43
Calculate the highest common divisor of 442794 and 594.
66
Calculate the highest common divisor of 1020 and 65484.
204
Calculate the highest common factor of 627195 and 60.
15
What is the greatest common factor of 459 and 506277?
459
What is the highest common factor of 756 and 113904?
252
What is the highest common factor of 69 and 111297?
69
What is the highest common divisor of 1408 and 20864?
128
Calculate the greatest common divisor of 1876400 and 2000.
400
What is the highest common divisor of 192984 and 168?
24
Calculate the greatest common divisor of 12 and 23284.
4
What is the greatest common divisor of 1754 and 310?
2
What is the highest common divisor of 822074 and 2838?
946
Calculate the greatest common factor of 185792 and 176.
16
Calculate the greatest common divisor of 800616 and 264.
24
Calculate the greatest common factor of 1396566 and 36.
18
What is the greatest common factor of 11700 and 663?
39
What is the greatest common divisor of 1253 and 1630153?
1253
Calculate the greatest common divisor of 20668 and 300.
4
Calculate the highest common factor of 7992 and 19656.
216
Calculate the greatest common factor of 70015 and 17765.
1045
Calculate the highest common factor of 240 and 109600.
80
Calculate the greatest common divisor of 1150641 and 9.
9
Calculate the greatest common factor of 87978 and 352.
22
What is the greatest common divisor of 8656 and 264549?
541
What is the highest common divisor of 548 and 1752230?
274
What is the highest common factor of 67214 and 322?
14
What is the highest common divisor of 3680 and 8970?
230
Calculate the highest common divisor of 8121637 and 613.
613
Calculate the highest common factor of 147 and 6097.
7
What is the highest common divisor of 51720 and 390?
30
Calculate the greatest common factor of 14513 and 20263.
23
Calculate the greatest common divisor of 654 and 847148.
218
Calculate the highest common factor of 196746 and 264.
66
What is the highest common divisor of 646 and 695419?
323
What is the greatest common factor of 57 and 41971?
19
What is the greatest common factor of 28968 and 81600?
408
Calculate the highest common factor of 21299 and 177.
59
Calculate the greatest common factor of 376374 and 2235.
447
What is the greatest common factor of 24717 and 2889?
321
Calculate the greatest common factor of 28702 and 762.
254
What is the highest common divisor of 25900 and 152950?
350
What is the highest common divisor of 399895 and 5?
5
What is the greatest common divisor of 23498 and 3968?
62
What is the highest common divisor of 104936 and 208?
104
Calculate the greatest common factor of 28980 and 115.
115
What is the greatest common divisor of 2304 and 225936?
144
What is the highest common divisor of 10300 and 22866?
206
What is the greatest common factor of 6970 and 25010?
410
Calculate the highest common divisor of 2650 and 225.
25
What is the highest common divisor of 123936 and 83915?
1291
Calculate the greatest common factor of 64 and 448832.
64
What is the highest common factor of 6477 and 816?
51
Calculate the greatest common divisor of 11466 and 630.
126
What is the greatest common factor of 10 and 232930?
10
What is the highest common factor of 851361 and 2982?
1491
Calculate the greatest common factor of 573910 and 290.
290
What is the greatest common divisor of 7293 and 624?
39
What is the highest